is divided by 98.
94
What is the remainder when 462 is divided by 273?
189
Calculate the remainder when 33101 is divided by 18.
17
Calculate the remainder when 628 is divided by 392.
236
What is the remainder when 260 is divided by 18?
8
Calculate the remainder when 1252 is divided by 582.
88
What is the remainder when 133 is divided by 68?
65
Calculate the remainder when 23645 is divided by 13.
11
What is the remainder when 6491 is divided by 151?
149
What is the remainder when 78 is divided by 12?
6
What is the remainder when 18985 is divided by 202?
199
What is the remainder when 140 is divided by 31?
16
What is the remainder when 8361 is divided by 51?
48
What is the remainder when 158 is divided by 48?
14
What is the remainder when 715 is divided by 172?
27
Calculate the remainder when 60 is divided by 43.
17
What is the remainder when 518 is divided by 72?
14
Calculate the remainder when 176 is divided by 15.
11
Calculate the remainder when 190 is divided by 37.
5
What is the remainder when 202 is divided by 61?
19
Calculate the remainder when 901 is divided by 50.
1
What is the remainder when 158 is divided by 37?
10
Calculate the remainder when 230 is divided by 71.
17
Calculate the remainder when 335 is divided by 48.
47
What is the remainder when 960 is divided by 21?
15
Calculate the remainder when 184005 is divided by 24.
21
What is the remainder when 173 is divided by 35?
33
Calculate the remainder when 377 is divided by 18.
17
Calculate the remainder when 121 is divided by 40.
1
Calculate the remainder when 3754 is divided by 43.
13
Calculate the remainder when 730 is divided by 108.
82
What is the remainder when 161 is divided by 54?
53
What is the remainder when 50 is divided by 10?
0
What is the remainder when 513 is divided by 227?
59
What is the remainder when 559 is divided by 68?
15
Calculate the remainder when 1806 is divided by 448.
14
What is the remainder when 212 is divided by 69?
5
Calculate the remainder when 426 is divided by 263.
163
What is the remainder when 17 is divided by 6?
5
What is the remainder when 182 is divided by 45?
2
Calculate the remainder when 974 is divided by 313.
35
What is the remainder when 471 is divided by 180?
111
What is the remainder when 1305 is divided by 55?
40
Calculate the remainder when 502 is divided by 135.
97
Calculate the remainder when 185 is divided by 47.
44
What is the remainder when 247 is divided by 50?
47
What is the remainder when 494 is divided by 80?
14
What is the remainder when 194 is divided by 22?
18
What is the remainder when 490 is divided by 62?
56
What is the remainder when 295 is divided by 143?
9
What is the remainder when 283 is divided by 26?
23
Calculate the remainder when 119 is divided by 35.
14
What is the remainder when 466 is divided by 47?
43
What is the remainder when 428 is divided by 36?
32
Calculate the remainder when 972 is divided by 169.
127
Calculate the remainder when 310 is divided by 12.
10
Calculate the remainder when 573 is divided by 269.
35
What is the remainder when 1399 is divided by 52?
47
Calculate the remainder when 426 is divided by 207.
12
Calculate the remainder when 35 is divided by 3.
2
What is the remainder when 190 is divided by 22?
14
What is the remainder when 205 is divided by 71?
63
What is the remainder when 7036 is divided by 220?
216
What is the remainder when 79 is divided by 8?
7
What is the remainder when 131 is divided by 19?
17
What is the remainder when 2235 is divided by 744?
3
Calculate the remainder when 237 is divided by 107.
23
Calculate the remainder when 809 is divided by 10.
9
Calculate the remainder when 752 is divided by 64.
48
Calculate the remainder when 109 is divided by 17.
7
Calculate the remainder when 661 is divided by 84.
73
Calculate the remainder when 458 is divided by 46.
44
Calculate the remainder when 190 is divided by 65.
60
What is the remainder when 193 is divided by 47?
5
What is the remainder when 156 is divided by 28?
16
Calculate the remainder when 28 is divided by 10.
8
Calculate the remainder when 9116 is divided by 120.
116
What is the remainder when 119 is divided by 50?
19
Calculate the remainder when 861 is divided by 417.
27
What is the remainder when 1041 is divided by 172?
9
What is the remainder when 229 is divided by 46?
45
What is the remainder when 2949 is divided by 211?
206
What is the remainder when 605 is divided by 152?
149
What is the remainder when 11540 is divided by 296?
292
What is the remainder when 142 is divided by 26?
12
What is the remainder when 2833 is divided by 81?
79
Calculate the remainder when 5235 is divided by 68.
67
What is the remainder when 5975 is divided by 24?
23
Calculate the remainder when 214 is divided by 158.
56
Calculate the remainder when 720 is divided by 178.
8
What is the remainder when 614 is divided by 15?
14
What is the remainder when 1447 is divided by 69?
67
Calculate the remainder when 475 is divided by 88.
35
Calculate the remainder when 455 is divided by 127.
74
What is the remainder when 256 is divided by 229?
27
What is the remainder when 148 is divided by 3?
1
Calculate the remainder when 1893 is divided by 5.
3
Calculate the remainder when 148 is divided by 40.
28
Calculate the remainder when 149 is divided by 101.
48
Calculate the remainder when 110 is divided by 31.
17
Calculate the remainder when 835 is divided by 35.
30
What is the remainder when 708 is divided by 16?
4
Calculate the remainder when 214 is divided by 36.
34
Calculate the remainder when 214 is divided by 109.
105
What is the remainder when 357 is divided by 36?
33
Calculate the remainder when 373 is divided by 13.
9
What is the remainder when 2543 is divided by 19?
16
Calculate the remainder when 1210 is divided by 15.
10
Calculate the remainder when 25429 is divided by 88.
85
Calculate the remainder when 6283 is divided by 185.
178
Calculate the remainder when 1767 is divided by 23.
19
What is the remainder when 149 is divided by 88?
61
Calculate the remainder when 575 is divided by 53.
45
What is the remainder when 400 is divided by 14?
8
Calculate the remainder when 561 is divided by 357.
204
Calculate the remainder when 2089 is divided by 16.
9
Calculate the remainder when 1605 is divided by 8.
5
Calculate the remainder when 3347 is divided by 130.
97
Calculate the remainder when 51 is divided by 47.
4
What is the remainder when 74 is divided by 20?
14
Calculate the remainder when 3447 is divided by 51.
30
Calculate the remainder when 7433 is divided by 286.
283
What is the remainder when 880 is divided by 270?
70
Calculate the remainder when 791 is divided by 12.
11
Calculate the remainder when 526 is divided by 107.
98
What is the remainder when 117 is divided by 17?
15
Calculate the remainder when 74 is divided by 48.
26
What is the remainder when 1122 is divided by 282?
276
What is the remainder when 9728 is divided by 139?
137
What is the remainder when 17283 is divided by 58?
57
What is the remainder when 138 is divided by 20?
18
Calculate the remainder when 1514 is divided by 15.
14
Calculate the remainder when 2056 is divided by 147.
145
Calculate the remainder when 644 is divided by 131.
120
Calculate the remainder when 92 is divided by 90.
2
Calculate the remainder when 34 is divided by 12.
10
Calculate the remainder when 85 is divided by 32.
21
What is the remainder when 843 is divided by 203?
31
What is the remainder when 86 is divided by 25?
11
Calculate the remainder when 3633 is divided by 21.
0
Calculate the remainder when 1418 is divided by 18.
14
Calculate the remainder when 61 is divided by 2.
1
What is the remainder when 64 is divided by 52?
12
What is the remainder when 176 is divided by 162?
14
What is the remainder when 1739 is divided by 4?
3
What is the remainder when 6985 is divided by 14?
13
What is the remainder when 87 is divided by 38?
11
Calculate the remainder when 588 is divided by 269.
50
Calculate the remainder when 345 is divided by 126.
93
Calculate the remainder when 503 is divided by 56.
55
What is the remainder when 617 is divided by 36?
5
Calculate the remainder when 29607 is divided by 235.
232
Calculate the remainder when 143 is divided by 67.
9
Calculate the remainder when 86 is divided by 31.
24